
Let r(h) = h**2 + 5*h + 3. Let k be r(-5). Suppose k*t = 215 + 292. Suppose y = 5*y + 3*g - t, -3*y - g = -123. What is the highest common divisor of 16 and y?
8
Suppose -2*a = 3*w - 385, 4*w - 5*w - 5*a + 137 = 0. What is the greatest common factor of 1 and w?
1
Let i be 2/((-3)/(7/(14/3))). Let s be (65/(-39))/((i/(-3))/(-1)). Calculate the highest common divisor of s and 205.
5
Let s = 123 - 66. Suppose -13 - s = -m. Let q be 279/9 + (-3)/1. Calculate the highest common divisor of q and m.
14
Let j(m) = -m**3 + 6*m**2 + 11*m - 62. Let h be j(4). What is the greatest common factor of 138 and h?
2
Suppose 21*m + 6948 = -30*m + 27756. What is the greatest common factor of m and 8432?
136
Let m = 969 + -923. Let b(w) = 22*w**2 + 1. Let g be b(-1). What is the highest common factor of m and g?
23
Let a(l) = -l**3 + 139*l**2 + 877*l + 277. Let t be a(145). What is the highest common factor of t and 20?
4
Let g(a) = -8*a**2 - 86*a - 211. Let f be g(-6). Calculate the greatest common divisor of f and 33167.
17
Let z(h) = h**3 + 11*h**2 - 5*h - 5. Let n be z(-6). Let v(b) = 3*b**3 - 28*b**2 - 13*b - 29. Let r be v(10). What is the greatest common divisor of n and r?
41
Let y = -2280 - -2896. What is the highest common factor of 396 and y?
44
Suppose 5*x = x + 68. Suppose -z - 14 + x = 0. Let m be (z - -1)*572/8. What is the greatest common factor of m and 26?
26
Suppose z + 50*m - 48*m = 430, 788 = 2*z - 5*m. Calculate the highest common divisor of 690 and z.
138
Suppose v + 2*v = -3, 2*s - 75 = 5*v. Let c(j) = 7*j - 205. Let o be c(s). Calculate the greatest common divisor of 480 and o.
40
Let q = 53 - 59. Let a be 30*(q/(-9) + 0). Suppose a = 5*l + g, 2*l + g - 3*g = 8. Calculate the greatest common divisor of 3 and l.
1
Suppose 2*u = 7*u - 360. Suppose 0 = -5*o + 2*o + u. Suppose -82*n + 83*n = -4*b + 72, -2 = -b. What is the greatest common factor of n and o?
8
Let w(y) be the third derivative of -y**6/120 + y**5/4 - 11*y**4/12 + 28*y**3/3 + y**2 - 16. Let f be w(13). What is the highest common factor of f and 18?
18
Suppose -2353*p + 3082 = -2307*p. Calculate the highest common factor of p and 1407.
67
Let d = 1455 + 202. Suppose -43*p - 496 = -d. Calculate the greatest common divisor of p and 288.
9
Let q(l) = 0 - 18 - 15*l + 4 + 5. Let k be q(-2). What is the greatest common divisor of k and 77?
7
Let d(m) = m**2 + 58*m + 747. Let q be d(-46). Calculate the highest common divisor of 495 and q.
15
Suppose -8*v = -3*v - 1745. Let t = -175 + v. Calculate the highest common factor of t and 12.
6
Let i(s) = 2*s**2 + 229*s - 1153. Let f be i(5). What is the greatest common factor of f and 318?
6
Suppose 2694*y = 2670*y + 6840. What is the greatest common divisor of 10 and y?
5
Let j be (3 + 2)*(-2)/(-5). Let f be 2*(2 - j - 66/(-12)). What is the greatest common divisor of 330 and f?
11
Let f be 186 + 5*3*4/30. Let h = f - -80. What is the greatest common divisor of 67 and h?
67
Let i = -1306 - -1318. Let z(v) = 27*v**2. Let t be z(-2). Calculate the greatest common factor of i and t.
12
Let w be (-3)/(-17 - 317552/(-18680)). What is the highest common divisor of 15 and w?
15
Let u be 644/(-84)*36/((-3)/1). Calculate the greatest common divisor of u and 5014.
46
Suppose 2*i - 534 = 106. Calculate the greatest common divisor of i and 360.
40
Suppose 0 = -3*w + 2*q + 487, 5*w - 979 = 4*q - 168. Calculate the highest common factor of 10921 and w.
163
Suppose 79*m - 81*m + 56 = 0. Suppose 3*b - b = -32. Let p = b + m. What is the greatest common divisor of 108 and p?
12
Let q(f) = 4 + f**3 - 8*f**2 + 6*f**2 + 11 - 8*f - 7*f**2. Let g be q(10). What is the greatest common factor of 10 and g?
5
Let u be (-15 + -70)*(-168)/(-20). Let g be (u/70)/(((-1)/(-155))/(-1)). What is the greatest common factor of 51 and g?
51
Let i = 13270 + 8687. What is the greatest common divisor of 39 and i?
39
Suppose 0 = -5*g - 4*g + 2034. Let a = g - 225. What is the greatest common factor of 31 and a?
1
Let l = -21 - -106. Let s = -137517 + 137585. Calculate the greatest common divisor of l and s.
17
Let m(c) = 22*c + 15. Let u be m(6). Suppose 0 = 35*n - 5*n - 2940. What is the highest common divisor of n and u?
49
Let t = -2682 - -2716. Calculate the highest common factor of t and 4692.
34
Suppose -5*q + 7867 = 5*s + 1537, -s + 5*q + 1284 = 0. Calculate the greatest common factor of 72 and s.
9
Let m be ((-18)/(-4))/((-4)/(-8)). Suppose -v + m = 2*c, -3*c + 16 = 3*v + 7. What is the highest common divisor of c and 282?
6
Let q = -133 + 141. Suppose 11*a - 66 = q*a. Let p = -26 - -48. What is the highest common factor of a and p?
22
Let n(s) = 18*s + 18. Let f be n(18). Let r be (-7 + 12)*(f/(-15))/(-2). What is the highest common divisor of r and 76?
19
Let m(v) = 838*v**3 - 55*v**2 + 57*v - 3. Let f be m(1). Calculate the highest common divisor of 1240 and f.
31
Let f = -3698 + 4384. What is the highest common factor of 14 and f?
14
Suppose 0 = -27*j + 17*j + 20. Suppose 0*l - 72 = -j*l. What is the greatest common factor of 18 and l?
18
Suppose 5*m - 8 = 7. Let a be -3 + -3 + m + 6. Let k be (-693)/7*(-1)/a. What is the greatest common factor of 3 and k?
3
Let o(d) = 4*d**2 + d. Let i(l) = -19*l**3 - 10*l**2 - 2*l. Let y(p) = i(p) + 3*o(p). Let q be y(-1). Calculate the greatest common divisor of 140 and q.
20
Let k be (-11)/1 - 0/(-6). Let p be (36/(-8))/9 - k/2. Suppose 4*j - p*s - 75 = 0, -2*j - 3 = -3*j - 4*s. What is the greatest common factor of j and 5?
5
Suppose 4*y + 22*y = -2*y + 280. Calculate the greatest common divisor of 42810 and y.
10
Suppose 0 = 7*a + 310 + 33. Let s be (a + (-2)/(-2))*-2. Calculate the highest common divisor of s and 24.
24
Let g(k) = 3*k**2 + k. Let p be g(-3). Suppose f = v - 1, -3*f - 19 = f - v. Let i be (-1)/(-1) - (-11 - f). Calculate the highest common factor of p and i.
6
Let g(p) = 284*p + 5444. Let f be g(-19). What is the highest common factor of 6704 and f?
16
Let c(t) = -39*t**2 + 17*t**2 + 16*t**2 - 24 + 6*t - t**3. Let k be c(-8). What is the highest common divisor of k and 140?
28
Let s = -387 + 483. Calculate the greatest common factor of 3 and s.
3
Let x(l) = -l**2 - 135*l - 1372. Let s be x(-103). Calculate the highest common factor of s and 32.
4
Let k(w) = w**2 - 70*w + 639. Let g be k(10). Let u = 236 - 67. What is the highest common factor of g and u?
13
Suppose -4*c = -20*c - 384. Let q(i) = -3*i**2 - 75*i - 24. Let s be q(c). Suppose 0 = 2*x - 9 - 3. What is the greatest common factor of x and s?
6
Let n(l) = l**3 + 4*l**2 - 7*l - 6. Let o be n(-5). Suppose 0 = s + 2*d - 23, -8*s + o*s = -5*d - 40. Calculate the greatest common factor of s and 240.
15
Let r be ((-7756)/35 - 28/70)/((-6)/453). What is the greatest common divisor of 111 and r?
111
Suppose j - 1382*l - 6368 = -1379*l, 3*j - 5*l = 19128. What is the highest common factor of 309 and j?
103
Suppose 2*r - 1968 = 4*d, -d = 6*r + 2049 - 7992. Calculate the greatest common factor of 1386 and r.
198
Let k = 472 - 325. Suppose -5*i + k + 3 = 0. What is the highest common factor of 330 and i?
30
Suppose 427 - 415 = 3*w, 2*w - 440 = -4*u. Let o be 117/(6 - 3)*4. Calculate the greatest common divisor of o and u.
12
Suppose 6 = -2*h + 90 + 44. What is the greatest common factor of h and 96?
32
Let n(p) = p**2 + 13*p - 234. Let s be n(-24). Let b be (12/s)/(182/180 + -1). Calculate the highest common factor of b and 252.
36
Let n be 1/(-4)*1708/(-7). Suppose 0 = 4*w + n - 225. Suppose 5*g = w + 34. What is the greatest common factor of g and 30?
15
Let y(t) = t**2 + t - 2. Let h be y(-4). Let s(b) = b**2 - b - 9. Let f be s(-4). Suppose f*l - 100 = 9*l. Calculate the greatest common factor of h and l.
10
Suppose 59914 = 43*z - 3812. Calculate the highest common factor of 684 and z.
114
Let w(l) = -l**3 - 17*l**2 + 60*l + 42. Let j be w(-20). Calculate the highest common divisor of j and 483.
21
Let i(l) = -632*l - 650. Let h be i(-4). Calculate the greatest common factor of 6 and h.
6
Let n be (377679/39 - -2) + (24/78)/(-4). Calculate the highest common factor of n and 58.
58
Let u = -2343 + 2525. What is the highest common factor of u and 266?
14
Let p(o) = -8*o**2 - 4*o + 58. Let i be p(8). Let m be i/4*(-4 + 20/6). What is the greatest common factor 